(-17)?
-6
Let r(y) = -3*y + 37. Give r(-12).
73
Let s(r) = 4*r**2 - 4*r - 22194. What is s(75)?
6
Let r(d) = 3103*d - 9328. Determine r(3).
-19
Let y(g) = 122*g + 1583. Calculate y(-13).
-3
Let i(p) = 1264*p - 11486. Determine i(9).
-110
Let i(m) = -m**3 - 11*m**2 + 88*m + 973. What is i(-11)?
5
Let w(t) = -t**3 + 8*t**2 + 22*t - 197. Determine w(8).
-21
Let h(y) = -y**3 - 47*y**2 - 126*y + 289. Give h(-44).
25
Let p(w) = -55*w + 10. Calculate p(1).
-45
Let v(a) = 4*a**2 - 119*a - 278. Calculate v(33).
151
Let t(n) = -8*n**3 - 27*n**2 - 7*n - 9. Determine t(-4).
99
Let q(t) = t**3 + 26*t**2 + 102*t - 65. Give q(-21).
-2
Let p(z) = -6*z + 60. Give p(-12).
132
Let a(o) = -5*o + 44. Determine a(8).
4
Let r(p) = -2*p**3 - 26*p**2 + 10*p + 233. Give r(-13).
103
Let s(f) = f**3 - 34*f**2 + 62*f + 68. Calculate s(32).
4
Let o(a) = -80*a - 80. What is o(-1)?
0
Let k(g) = 4*g**2 + 55*g + 41. Calculate k(-13).
2
Let y(t) = 2*t**2 + t - 1647. Give y(-29).
6
Let m(a) = -26*a - 198. What is m(-8)?
10
Let u(p) = 7*p + 403. Calculate u(-39).
130
Let h(n) = 5*n**2 - 510*n - 2674. Calculate h(107).
1
Let q(c) = c**2 - 557*c + 75583. Determine q(234).
1
Let j(m) = -14*m + 504. Calculate j(38).
-28
Let p(b) = 2*b**2 + 130*b - 5321. Determine p(-93).
-113
Let y(v) = 60*v - 304. Calculate y(5).
-4
Let n(a) = -a**3 - 34*a**2 + 22*a - 396. What is n(-35)?
59
Let z(h) = h + 19. Calculate z(-15).
4
Let p(n) = 3*n**2 - 4733*n + 4732. Calculate p(1).
2
Let f(n) = 2*n**3 - n**2 - 49*n - 20. What is f(0)?
-20
Let c(i) = i**3 - 37*i**2 + 70*i + 9. Calculate c(35).
9
Let h(v) = -195*v + 27302. Give h(140).
2
Let q(x) = 16*x**2 + 18*x - 2. Determine q(-1).
-4
Let d(z) = 16770*z + 167699. Give d(-10).
-1
Let g(i) = -11*i + 62. What is g(-8)?
150
Let z(a) = -a**2 + 11*a + 2447. Give z(55).
27
Let w(d) = -3*d**2 + 133*d - 416. What is w(41)?
-6
Let u(c) = -15*c - 92. Determine u(-6).
-2
Let g(j) = 29*j - 35. Calculate g(8).
197
Let p(h) = -9*h**3 + 34*h**2 - 12*h + 78. What is p(4)?
-2
Let n(c) = -15*c + 261. Give n(16).
21
Let y(a) = -a**3 + 141*a**2 - 30*a + 3. What is y(0)?
3
Let m(q) = -4*q**2 - 13*q + 228. What is m(0)?
228
Let a(t) = -9*t**3 + 2*t**2 - 6*t + 11. Determine a(3).
-232
Let r(y) = -2*y**2 + 221*y + 1641. Calculate r(-7).
-4
Let h(j) = -j**2 + 28*j - 91. Calculate h(24).
5
Let a(h) = 2*h**3 + 70*h**2 + 2*h + 79. Calculate a(-35).
9
Let n(q) = 28*q - 502. Give n(18).
2
Let x(k) = k**2 + 18*k - 15. Determine x(8).
193
Let t(w) = -w**2 + 85*w + 6031. Determine t(-46).
5
Let o(t) = 32*t + 100. What is o(-9)?
-188
Let n(y) = y**3 + 34*y**2 - 111*y + 27. Give n(-37).
27
Let s(z) = 10*z**2 + 517*z + 813. Determine s(-50).
-37
Let j(u) = u**3 - 179*u**2 + 538*u - 1771. Give j(176).
-11
Let h(c) = 6*c**3 - 3*c**2 + 33*c + 32. Determine h(-1).
-10
Let r(b) = -53*b + 264. Determine r(6).
-54
Let h(z) = -270*z - 95. What is h(-1)?
175
Let w(f) = -61*f + 278. Give w(6).
-88
Let n(v) = -v**2 + 48*v - 305. Determine n(25).
270
Let k(d) = -115*d + 51. What is k(1)?
-64
Let w(i) = -i**3 - 51*i**2 + 2*i + 109. Calculate w(-51).
7
Let h(r) = -r**3 + 128*r**2 - 3735*r + 3. Give h(45).
3
Let z(s) = 211*s - 4497. Determine z(22).
145
Let x(k) = 1375*k - 6868. Determine x(5).
7
Let p(r) = -990*r - 4949. Calculate p(-5).
1
Let t(g) = -789*g + 13400. Give t(17).
-13
Let a(u) = -901*u + 3607. Calculate a(4).
3
Let s(r) = -101*r**3 + 101*r**2 - 6*r + 7. Calculate s(1).
1
Let g(t) = t**3 - 31*t**2 + 154*t - 16. Determine g(25).
84
Let o(d) = 10*d**2 - 202*d + 224. Determine o(19).
-4
Let c(m) = m**2 - 40*m - 260. Give c(47).
69
Let f(n) = -n**3 - 15*n**2 - 44*n + 16. Calculate f(-10).
-44
Let y(p) = 250*p - 398. Calculate y(4).
602
Let q(m) = 87*m + 422. Determine q(-5).
-13
Let w(j) = -j**2 + 87*j - 1689. Calculate w(58).
-7
Let n(p) = -p**3 - 34*p**2 - 146*p - 11. Determine n(-5).
-6
Let p(w) = -w**3 + 2*w**2 - 11*w - 9. Calculate p(6).
-219
Let r(q) = 25*q + 273. Determine r(0).
273
Let z(r) = -250*r - 3511. Determine z(-14).
-11
Let n(m) = -m**3 + 10*m**2 + 12*m + 119. Determine n(8).
343
Let v(m) = m**3 - 15*m**2 - 112*m + 196. Give v(20).
-44
Let g(v) = -3*v**3 - 13*v**2 - 29*v - 26. Calculate g(-3).
25
Let y(r) = 1012*r - 7090. Give y(7).
-6
Let l(c) = -196*c + 3320. What is l(17)?
-12
Let o(s) = -2*s**2 + 143*s - 1995. Give o(54).
-105
Let j(b) = -b**2 + 54*b - 415. Determine j(9).
-10
Let f(j) = -3*j**2 - 31*j + 10. Give f(-10).
20
Let a(y) = 7*y - 2. Determine a(-1).
-9
Let t(y) = -y**2 + 16*y - 52. What is t(21)?
-157
Let f(k) = -k**2 + k + 102. Determine f(-9).
12
Let f(z) = 2*z**3 + 84*z**2 + 383*z + 15. Give f(-5).
-50
Let q(h) = -58*h**2 - 220*h - 13. Calculate q(-5).
-363
Let a(t) = -2*t - 251. What is a(-50)?
-151
Let t(s) = -231*s + 2078. Calculate t(9).
-1
Let l(h) = -16*h**2 + 298*h - 117. Give l(18).
63
Let s(p) = 6*p + 174. Give s(-22).
42
Let n(k) = 3*k**3 - 22*k**2 - 68*k + 530. Determine n(7).
5
Let h(z) = 2*z + 59. Determine h(-38).
-17
Let l(f) = -f**2 - 384*f - 4802. Give l(-13).
21
Let o(u) = -u + 57. Calculate o(14).
43
Let h(y) = 299*y + 567. Determine h(-2).
-31
Let s(m) = m**3 + 15*m**2 + 8*m - 44. Calculate s(-14).
40
Let c(h) = 2*h**2 + 128*h + 387. Give c(-55).
-603
Let p(m) = -43*m - 235. Determine p(-6).
23
Let b(j) = -j - 16. Calculate b(-3).
-13
Let k(y) = -1250*y - 952. What is k(-1)?
298
Let l(v) = 6*v**3 - 43*v**2 - 16*v + 130. Give l(7).
-31
Let h(i) = i + 81. Determine h(-6).
75
Let x(i) = -115*i + 4706. Calculate x(41).
-9
Let a(j) = 22*j + 163. Give a(0).
163
Let c(v) = -203*v - 11979. What is c(-59)?
-2
Let y(s) = 6*s - 4. Calculate y(0).
-4
Let y(m) = 902*m - 1674. Give y(2).
130
Let b(j) = 2*j**3 + 21*j**2 - 17*j - 14. What is b(-10)?
256
Let b(c) = -2*c**2 - 391*c - 1146. Determine b(-3).
9
Let s(n) = n**2 + 8*n - 45. Give s(-10).
-25
Let v(a) = -15*a**2 + 16*a - 3. Calculate v(2).
-31
Let p(c) = -c**3 - 289*c**2 - 3058*c - 2. Determine p(-278).
-2
Let b(d) = 2*d**2 - 74*d - 19. Calculate b(37).
-19
Let y(l) = 3*l**2 - 95*l + 574. Determine y(8).
6
Let k(s) = 3*s**3 + 144*s**2 - 27*s - 1292. Calculate k(-48).
4
Let n(g) = -g**3 + 6*g**2 + 13. Determine n(6).
13
Let b(a) = a**3 - 9*a**2 - 46*a + 24. What is b(-4)?
0
Let m(c) = c**3 - 21*c**2 - 59*c + 287. Determine m(23).
-12
Let l(c) = -522*c - 4104. Calculate l(-8).
72
Let l(d) = -d**3 - 7*d**2 - 3*d + 92. Determine l(-7).
113
Let n(w) = -146*w**2 + 3*w - 1. Calculate n(-1).
-150
Let y(q) = -14*q**2 - 198*q - 1278. Determine y(-7).
-578
Let o(z) = z**2 - 213*z - 1298. What is o(-6)?
16
Let y(g) = 624*g - 1259. Determine y(2).
-11
Let n(b) = -19*b**2 - 641*b + 202. Determine n(-34).
32
Let o(x) = x**2 - 47*x + 358. Determine o(37).
-12
Let n(y) = 3*y**2 + 6*y + 20. Give n(-6).
92
Let u(s) = -s**2 - 17*s - 361. Determine u(-27).
-631
Let v(j) = 108*j + 965. What is v(-9)?
-7
Let a(o) = -3*o**3 + 69*o**2 + 3*o - 43. Calculate a(23).
26
Let v(x) = -4*x**2 + 23*x - 57. Calculate v(4).
-29
Let v(p) = p**3 - 4*p**2 - 2*p - 170. What is v(0)?
-170
Let f(m) = m**3 - 12*m**2 + 6*m - 47. What is f(11)?
-102
Let u(l) = l**3 + 3*l**2 + 114*l - 239. What is u(2)?
9
Let o(l) = l**3 + 7*l**2 - 68*l + 29. Determine o(-14).
-391
Let v(t) = 5*t**2 - 259*t + 2653. Calculate v(14).
7
Let n(u) = -41*u**2 + 99. Calculate n(0).
99
Let x(c) = 3*c**2 - 15*c - 76. Determine x(8).
-4
Let q(w) = w**2 + 25*w - 84. Calculate q(-21).
-168
Let m(n) = n**3 - 68*n**2 + 202*n - 460. Give m(65).
-5
Let n(o) = -4*o**2 - 199*o - 353. Give n(-48).
-17
Let l(w) = -w**2 - 101*w + 534. What is l(5)?
4
Let w(n) = -2*n**3 - 66*n**2 - 123*n + 26. Give w(-31).
-5
Let y(z) = 241*z + 479. Give y(-2).
-3
Let j(r) = -23*r - 328. Determine j(-21).
155
Let p(b) = 40*b - 1369. Determine p(34).
-9
Let o(b) = 50*b**2 - 3749*b - 99. What is o(75)?
-24
Let l(j) = 26*j**2 - 181*j + 3. Determine l(7).
10
Let b(c) = -2*c + 104. What is b(-20)?
144
Let i(t) = -324*t**2 - 84*t - 84. What is i(-1)?
-324
Let k(s) = 17*s**3 + 135*s**2 - 13*s - 36. What is k(-8)?
4
Let a(k) = -5*k**2 + 15*k + 63. Calculate a(-3).
-27
Let g(x) = x**3 - 74*x**2 + 215*x - 157. Give g(71).
-15
Let t(l) = l**3 + 77*l**2 - 1169*l - 11. Determine t(13).
2
Let k(y) = -y**3 + y**2 - 509*y + 2015. Calculate k(4).
-69
Let p(s) = s**3 + 9*s**2 - 125*s - 695. Give p(-6).
163
L